8
Calculate the highest common factor of 18 and 48.
6
What is the highest common factor of 6902 and 58?
58
Calculate the highest common divisor of 30 and 530.
10
Calculate the greatest common divisor of 1188 and 5724.
108
What is the greatest common divisor of 204 and 24?
12
What is the highest common factor of 86 and 14?
2
Calculate the greatest common factor of 4 and 14268.
4
Calculate the greatest common factor of 1853 and 1744.
109
What is the greatest common factor of 323 and 51?
17
What is the highest common factor of 3897 and 9?
9
What is the highest common divisor of 490 and 1372?
98
What is the highest common divisor of 32 and 92?
4
Calculate the greatest common factor of 190 and 76.
38
What is the highest common divisor of 20 and 4380?
20
Calculate the greatest common divisor of 275 and 165.
55
What is the greatest common divisor of 6028 and 44?
44
Calculate the greatest common factor of 18 and 1062.
18
Calculate the highest common divisor of 32 and 608.
32
What is the greatest common factor of 117 and 195?
39
What is the greatest common divisor of 56 and 21?
7
What is the greatest common divisor of 2048 and 112?
16
What is the greatest common divisor of 3444 and 336?
84
Calculate the highest common divisor of 86189 and 79.
79
What is the greatest common divisor of 184 and 16?
8
Calculate the greatest common factor of 1372 and 140.
28
What is the highest common divisor of 8 and 64?
8
Calculate the greatest common divisor of 3 and 1146.
3
Calculate the highest common factor of 48 and 276.
12
Calculate the greatest common factor of 504 and 1656.
72
What is the greatest common divisor of 330 and 2200?
110
Calculate the greatest common divisor of 32 and 32.
32
Calculate the highest common divisor of 14337 and 177.
177
Calculate the greatest common factor of 7 and 3101.
7
What is the highest common divisor of 342 and 874?
38
What is the greatest common divisor of 24 and 54?
6
What is the highest common divisor of 1386 and 126?
126
Calculate the highest common divisor of 470 and 30.
10
What is the greatest common divisor of 102 and 68?
34
Calculate the greatest common divisor of 6460 and 95.
95
Calculate the greatest common factor of 368 and 192.
16
What is the greatest common factor of 24 and 24?
24
What is the highest common divisor of 615 and 75?
15
Calculate the greatest common divisor of 25710 and 30.
30
Calculate the highest common divisor of 24 and 720.
24
Calculate the highest common factor of 63 and 31920.
21
What is the highest common factor of 42 and 2352?
42
Calculate the highest common factor of 116 and 1008.
4
Calculate the greatest common divisor of 4638 and 6.
6
What is the highest common factor of 16 and 11864?
8
What is the highest common factor of 70 and 210?
70
What is the highest common divisor of 90 and 288?
18
Calculate the highest common divisor of 4480 and 1960.
280
What is the highest common divisor of 21 and 567?
21
Calculate the greatest common divisor of 12 and 1572.
12
Calculate the greatest common divisor of 546 and 2058.
42
Calculate the greatest common divisor of 432 and 1136.
16
Calculate the highest common divisor of 140 and 245.
35
Calculate the highest common divisor of 5497 and 69.
23
What is the highest common divisor of 1458 and 342?
18
Calculate the greatest common factor of 203 and 116.
29
Calculate the highest common factor of 2426 and 2.
2
Calculate the greatest common divisor of 211 and 26797.
211
Calculate the highest common divisor of 35 and 350.
35
What is the greatest common divisor of 70 and 490?
70
Calculate the highest common factor of 1470 and 60.
30
Calculate the highest common factor of 136 and 119.
17
Calculate the highest common divisor of 36 and 876.
12
Calculate the highest common factor of 105 and 175.
35
What is the greatest common factor of 198 and 5874?
66
What is the highest common factor of 22884 and 12?
12
Calculate the greatest common factor of 169 and 13.
13
Calculate the greatest common factor of 189 and 28.
7
Calculate the highest common factor of 19 and 2147.
19
Calculate the greatest common factor of 6042 and 4134.
318
What is the highest common divisor of 87 and 111?
3
What is the greatest common factor of 180 and 3330?
90
What is the highest common factor of 74 and 1813?
37
Calculate the greatest common factor of 1068 and 12.
12
What is the highest common factor of 11 and 3?
1
Calculate the greatest common factor of 2375 and 15.
5
Calculate the greatest common factor of 2158 and 182.
26
What is the highest common factor of 545 and 981?
109
What is the greatest common factor of 75 and 6?
3
Calculate the greatest common divisor of 61 and 10309.
61
What is the greatest common factor of 65 and 715?
65
What is the highest common factor of 567 and 126?
63
What is the highest common divisor of 93 and 3?
3
Calculate the greatest common divisor of 6059 and 219.
73
What is the greatest common divisor of 1628 and 198?
22
What is the greatest common divisor of 203 and 7?
7
Calculate the greatest common divisor of 16 and 64.
16
Calculate the greatest common divisor of 23 and 8303.
23
What is the highest common divisor of 18 and 1422?
18
What is the greatest common divisor of 1104 and 621?
69
Calculate the greatest common divisor of 161 and 69.
23
What is the highest common divisor of 18 and 333?
9
Calculate the greatest common divisor of 10 and 1495.
5
What is the highest common factor of 3934 and 98?
14
Calculate the greatest common divisor of 40 and 134.
2
Calculate the highest common divisor of 21 and 1239.
21
What is the highest common factor of 100 and 25?
25
What is the highest common divisor of 42 and 399?
21
What is the greatest common factor of 207 and 23?
23
Calculate the highest common divisor of 516 and 6364.
172
What is the greatest common factor of 72 and 624?
24
What is the greatest common factor of 32 and 64?
32
What is the greatest common factor of 100 and 85?
5
Calculate the greatest common divisor of 999 and 37.
37
Calculate the greatest common factor of 1819 and 107.
107
Calculate the greatest common factor of 4900 and 112.
28
Calculate the highest common factor of 56 and 5432.
56
Calculate the highest common factor of 107 and 4.
1
Calculate the highest common factor of 111 and 518.
37
What is the highest common factor of 42 and 3507?
21
What is the highest common factor of 22 and 715?
11
Calculate the greatest common factor of 5243 and 49.
49
What is the greatest common factor of 224 and 56?
56
Calculate the greatest common divisor of 3 and 3.
3
What is the greatest common divisor of 425 and 800?
25
What is the highest common factor of 305 and 8235?
305
What is the highest common divisor of 3171 and 21?
21
What is the highest common factor of 46 and 1334?
46
Calculate the greatest common factor of 24 and 424.
8
What is the highest common divisor of 40 and 8?
8
Calculate the greatest common divisor of 99 and 66.
33
Calculate the greatest common divisor of 1296 and 2106.
162
Calculate the greatest common divisor of 323 and 361.
19
What is the highest common divisor of 416 and 1235?
13
What is the greatest common factor of 80 and 220?
20
Calculate the greatest common factor of 64 and 2744.
8
What is the highest common divisor of 641 and 9?
1
Calculate the highest common factor of 112 and 1520.
16
Calculate the highest common factor of 196 and 574.
14
What is the greatest common factor of 1215 and 45?
45
Calculate the greatest common divisor of 910 and 2366.
182
Calculate the greatest common factor of 13 and 1079.
13
What is the greatest common factor of 427 and 28?
7
What is the highest common divisor of 476 and 1064?
28
Calculate the greatest common divisor of 111 and 11581.
37
What is the greatest common factor of 480 and 1120?
160
Calculate the greatest common divisor of 144 and 2672.
16
Calculate the highest common divisor of 528 and 33.
33
What is the highest common divisor of 4 and 2828?
4
What is the highest common divisor of 261 and 3277?
29
What is the greatest common factor of 12 and 2916?
12
What is the greatest common factor of 692 and 4?
4
What is the greatest common divisor of 17 and 578?
17
Calculate the highest common divisor of 203 and 58.
29
What is the greatest common factor of 5536 and 8?
8
What is the greatest common factor of 24 and 33